ose 3*u - d*y - 10 = u, -7 = -3*u - y. Is (-365)/(u + 4/(-1)) a prime number?
False
Let l be (-1)/3 + 96520/30. Let u = l + -1856. Is u prime?
True
Suppose 4*z + 11*v - 6289 = 6*v, 0 = 3*z - 4*v - 4709. Is z composite?
False
Suppose 2*k = -4*x - 0*x - 4726, 4*k = -12. Let m = x + 1913. Is m a composite number?
False
Is 24/(-228) + 386139/19 prime?
True
Suppose 4*g - 20 = -2*k, -3*k + 0*g + 20 = 4*g. Suppose 5*j = 4*w - k*j - 323, j = 5*w - 430. Is w prime?
False
Let h(n) = 6317*n - 156. Is h(5) prime?
False
Let h = 53871 - 33190. Is h composite?
False
Suppose -1659 = -m - 5*p + 22, m - p - 1681 = 0. Suppose 0 = 3*f + 2*u - m, 4*u = 5*f - u - 2760. Is f composite?
False
Let h = 25 - 18. Let i(n) = 16*n - 22. Let a(r) = 5*r - 7. Let j(w) = -8*a(w) + 3*i(w). Is j(h) prime?
False
Let z(h) be the second derivative of h**6/120 + 2*h**5/15 - 5*h**4/24 - h**3/6 + h**2/2 - 3*h. Let f(q) be the first derivative of z(q). Is f(-8) prime?
False
Let i(z) = 251*z**2 - 36*z + 90. Is i(-13) a prime number?
False
Let c be (-10404)/(-15) - 2 - (-4)/10. Let g = -277 + c. Is g prime?
False
Suppose -32*l + 15422 = -10*l. Is l composite?
False
Suppose a = y + 6*a - 1486, 0 = -y - a + 1506. Is y composite?
False
Let f = -115 + 117. Is 2 + f + -1 + (1353 - -5) prime?
True
Let n = -87 + 93. Suppose -n*f + 10*f - 1788 = 0. Is f a prime number?
False
Let h(a) be the first derivative of a**4/4 + 167*a - 15. Is h(0) a composite number?
False
Let j(x) = -x - 12. Let r be j(-5). Let k = 10 + r. Suppose -121 = -k*p + 164. Is p composite?
True
Suppose 26*b - 27*b - 5*d + 6449 = 0, 0 = -d. Is b prime?
True
Suppose -j + 4*t - 12 = -5*j, -4*t = -2*j + 24. Let d(s) = -2*s + 22. Let k be d(j). Suppose -b = y - 145, k = -4*y - 6. Is b composite?
False
Suppose -4*k + 10 = -6, -5*i - 5*k + 10 = 0. Suppose 3*v - 5 - 10 = 0. Let j = v + i. Is j a prime number?
True
Let t(h) = h - 2. Let y be t(2). Suppose y = -2*k + 13 + 145. Let m = k - 33. Is m composite?
True
Suppose -34*j + 1408183 + 285255 = 0. Is j prime?
True
Suppose 0 = 5*p - 83*w + 85*w - 83255, 5*p - 4*w - 83225 = 0. Is p a composite number?
False
Let u(v) = v**2 + 8*v + 11411. Is u(0) composite?
False
Let u(t) = t**3 + 2*t**2 + 7*t + 11. Let x be u(8). Suppose 0 = 3*g - 115 - x. Is g prime?
False
Let r = 1596 + -1106. Suppose -v - a + r = 0, -3*a = -4*v - 735 + 2667. Suppose -3*m + 489 + 468 = 4*b, -2*b - 4*m = -v. Is b composite?
True
Let h be 66/16 - 6/48. Suppose 2 = a + 3*n + h, 5*a = n + 22. Is a/(-22) + (-1522)/(-22) composite?
True
Suppose 0*l + 3*n = 3*l - 4182, 4*n = -3*l + 4154. Let m = l + -749. Is m a prime number?
True
Suppose 2*u + 2940 = -2*u. Let i = -514 - u. Suppose 2*n + i = 3*n. Is n composite?
True
Let o(f) = 66*f - 1. Let q(z) = 131*z - 1. Let v(b) = -5*o(b) + 2*q(b). Let y(c) = 136*c - 6. Let i(r) = -5*v(r) - 2*y(r). Is i(2) prime?
False
Let b(o) = -o**3 + 6*o**2 + 9*o - 7. Let z be b(7). Let r = z - 13. Is -3 - 5*r/3 a prime number?
True
Let j = -3357 + 10436. Is j prime?
True
Suppose 3*o - 2*o + 5*g - 411 = 0, 2*o + 3*g = 794. Is o prime?
False
Suppose -55*b + 22485 = -50*b. Is b a prime number?
False
Let p = 822 - -6847. Is p a composite number?
False
Is ((164/8)/(-41))/(1/(-70754)) composite?
True
Let b = -70 + 87. Suppose -44010 = -b*l + 13943. Is l a prime number?
False
Suppose 0*l - 32*l + 57376 = 0. Is l prime?
False
Suppose -5*d - t = 2*t + 24, -3*d + t - 6 = 0. Let n be (-3)/(0/d + -1). Suppose -2*j = 3*y - 131, -n*y + 4*j - j + 126 = 0. Is y a composite number?
False
Let a(i) = 13*i**2 - 9*i + 22. Suppose 2*v - 12 = -2*y + v, -v = -2. Is a(y) prime?
False
Let s(f) = 10*f**2 + 14*f + 7. Let u be s(8). Is u/18*3*2 composite?
True
Let q = -69 - 213. Let z = 727 + q. Is z prime?
False
Let m be (3 + 4 + 45/(-6))*0. Suppose m = -4*n + 2703 + 445. Is n prime?
True
Let i = 9986 - 3739. Is i composite?
False
Is 1573 - ((-288)/(-30))/8*5 prime?
True
Suppose 938 = 7*c - 5*c. Suppose 6*v = 3*v + 4*l + c, -2*v + 2*l = -314. Is v a prime number?
False
Let l = -1626 - -3107. Is l a composite number?
False
Let x(p) = -85*p**3 - 7*p**2 - p + 2. Suppose 0 = -15*l + 6*l - 27. Is x(l) composite?
False
Let i be 4/5 + (-3424)/(-20). Let a(y) = -11*y**3 - 3*y. Let l be a(-3). Let v = l - i. Is v prime?
False
Let h = 506 + 323. Is h prime?
True
Suppose 0 + 4 = -4*f, 3*f = 5*q - 28. Suppose q*i - 4113 = -a - a, -a = -4. Is i a composite number?
False
Let b(r) = -5 + r + 3*r + 0*r - 6*r. Suppose 2*z + y = -16, -3*y = -2*z - 43 + 11. Is b(z) composite?
True
Let y(n) = 951*n**2 - 4*n + 20. Is y(3) a composite number?
True
Suppose 5*k = -k + 1782. Suppose -2*c + 85 = -k. Is c a prime number?
True
Suppose 5*v + 1227 = -4*w, -7*w - 1272 = -3*w - 4*v. Let k be 2*(-1 + -1 + 264). Let a = w + k. Is a a prime number?
True
Let t(l) = -l**2 - l + 251. Let g be -1 - (-2 - (-1)/1). Is t(g) a prime number?
True
Suppose -18 = -w + 4*w. Is 1*3/(w/(-662)) a prime number?
True
Let r(s) = 3*s**2 + 0*s - 2*s**2 + 16 + 0*s**2 + s. Let u be r(-12). Suppose -5*i + u = -i. Is i a prime number?
True
Let h(u) = 59*u**3 + 5*u**2 + 7*u - 16. Is h(5) a prime number?
False
Let b be 5/((-25)/(-40)) + -5. Suppose -4*j = 3*p - 2689, 2688 = 4*p - p + b*j. Is p a prime number?
False
Suppose 12*z + 320114 = 1121390. Is z prime?
False
Let h(t) be the third derivative of 11*t**5/30 - t**4/4 + 5*t**3/6 + 3*t**2. Is h(3) a prime number?
False
Let n(f) = f**3 - f**2 + 5*f - 3. Is n(4) a prime number?
False
Let a(d) = 258*d**3 - 4*d**2 - 19*d + 149. Is a(6) prime?
True
Is 2*(5/(-5))/((-6)/80637) a composite number?
False
Let b be (-1)/(-1)*93*1. Let c = 252 - -109. Suppose -c = -4*l - b. Is l a composite number?
False
Let j be -5 + 7 + -1 + 1. Let w = j + -3. Is ((-8)/4 + -69)*w a prime number?
True
Suppose -9*i = -7*i + 10. Let r(p) = 14*p**2 + 11*p. Is r(i) a composite number?
True
Let q(x) = 3*x**3 - 5*x**2 - 25*x - 16. Let t be -18*((-6)/(-18))/((-2)/3). Is q(t) a composite number?
True
Suppose -27 = -7*t + 8. Suppose t*n + 2*f - 2749 = 0, -f - 6 = -3. Is n prime?
False
Suppose 0 = -3*z + 12 - 3, 0 = 5*s - 2*z - 4. Suppose s*d - 6 = -0. Suppose 0 = -5*l + 2 + 23, 5*l + 152 = d*x. Is x a composite number?
False
Suppose -22426 = -2*s - r, 5*r + 10283 = s - 930. Is s a composite number?
False
Suppose -5*n + 4*a = -59798, n - 4*a + 4360 = 16310. Is n composite?
True
Suppose 2 = -d + 2*d. Suppose 5*q - 5*l - 1095 = 0, d*l - 12 = -l. Is q a composite number?
False
Let r = 14 - 18. Is (6 + r - -1099)*1 a composite number?
True
Let w = -382 + 243. Let a = -53 - w. Is a composite?
True
Let v = 228 + -113. Suppose -3*k + 87 = -4*a, -a - 4*a = -4*k + v. Is k a composite number?
True
Is 27438 - (-21 - -10)/(-1) prime?
True
Let i(x) = -153*x + 1. Let s be i(-1). Let k = -90 + s. Suppose -154 - k = -2*m. Is m a prime number?
True
Let x(z) = 571*z**3 - 2*z**2 + z. Is x(2) a composite number?
True
Is ((-44470)/(-40))/((-1)/(-12)) composite?
True
Suppose 4566 + 3615 = 9*x. Suppose h = -2*h + x. Is h a prime number?
False
Let g(q) = 27*q**2 - 36*q + 7. Is g(24) a composite number?
True
Suppose -12130 = -4*u + 2*t, 0 = -2*u + 29*t - 26*t + 6071. Is u composite?
True
Is (-183)/305 + 2224/(-5)*-2 a composite number?
True
Suppose -47 + 43 = -l. Is 1977 + (-2)/1 + l a prime number?
True
Let v = 7 + -5. Suppose 0 = -6*m + v*m + 4. Is (8 + -7)/(m/127) prime?
True
Suppose 10*m - 8*m + 29205 = 3*v, -5*v + 4*m + 48677 = 0. Is v prime?
True
Let h(a) = 15*a**2 - 6*a + 50. Is h(7) prime?
True
Is -2 + 15766 + 18/(-6) a composite number?
False
Let l(i) = 3*i - 2. Let o be -1 + -1 + (5 - 1). Let h be l(o). Is (-2)/h*296/(-4) a composite number?
False
Let s(r) = -14*r. Let w be s(-6). Let m = 157 - w. Is m + (0 - -3) + -2 composite?
True
Let v(s) = 8*s**2 + 3*s - 52. Let b be v(-11). Let n = b - 228. Is n prime?
False
Suppose -9*t + 23728 + 130703 = 0. Is t composite?
False
Let m(y) = 32 - 12 - 20 + 1211*y**2. Let w be (-1 - -3) + 2/(-2). Is m(w) prime?
False
Suppose -64*x + 38*x = -145054. Is x a composite number?
True
Let v(j) = 664*j + 1. Is v(4) a composite number?
False
Let c(g) = 1989*g + 49. Is c(4) prime?
False
Let z = -4199 + 7213. Suppose 3*y - 5*y = -z. Is y prime?
False
Suppose 0 = -2*u - 6 - 6. Let c be u/27 + (-70)/9. Let a(m) = m**3 + 11*m**2 + 9*m - 1. Is a(c) a compos